 1029?
343
Calculate the highest common factor of 34 and 12355600.
34
Calculate the highest common divisor of 648 and 916.
4
Calculate the greatest common divisor of 779 and 248672.
19
What is the greatest common factor of 8073 and 12259?
299
What is the greatest common divisor of 99605 and 135?
5
Calculate the highest common divisor of 2072 and 1813.
259
What is the greatest common factor of 4864 and 16256?
128
Calculate the highest common factor of 630 and 1110.
30
What is the greatest common factor of 2288 and 2005432?
1144
Calculate the highest common divisor of 16283 and 57.
19
Calculate the highest common factor of 98 and 52794.
14
What is the highest common factor of 3129936 and 662?
662
Calculate the greatest common factor of 1320 and 31155.
15
What is the highest common factor of 5720 and 968?
88
What is the highest common divisor of 289942 and 406?
58
Calculate the greatest common divisor of 14909 and 323.
17
What is the highest common divisor of 1188 and 315612?
396
What is the greatest common factor of 32411 and 13?
1
Calculate the highest common factor of 6075 and 1200.
75
Calculate the greatest common divisor of 2422540 and 59.
59
Calculate the highest common divisor of 211261 and 779.
19
Calculate the greatest common divisor of 34393 and 1055.
211
Calculate the greatest common divisor of 163 and 1467.
163
What is the highest common divisor of 13 and 7747051?
13
What is the greatest common divisor of 163212 and 21?
21
Calculate the highest common factor of 98322 and 1932.
42
What is the greatest common factor of 3377 and 7139?
11
What is the greatest common factor of 8562 and 3264?
6
Calculate the highest common factor of 2026 and 213743.
1013
Calculate the highest common divisor of 9 and 20799.
9
What is the greatest common factor of 22104 and 890300?
1228
Calculate the highest common divisor of 94108 and 56.
28
What is the highest common divisor of 380556 and 1584?
396
What is the greatest common factor of 20312 and 48?
8
What is the greatest common factor of 14434 and 347447?
1031
Calculate the greatest common factor of 803 and 2596.
11
What is the highest common divisor of 2415 and 23805?
345
Calculate the greatest common factor of 236 and 5870972.
236
What is the greatest common divisor of 384 and 408?
24
What is the greatest common factor of 225 and 32200?
25
Calculate the greatest common divisor of 4172666 and 38.
38
Calculate the greatest common factor of 1635 and 615305.
545
What is the greatest common factor of 120416 and 176?
16
What is the greatest common factor of 98 and 27146?
98
Calculate the highest common divisor of 289410 and 2310.
330
Calculate the highest common factor of 1002 and 2900289.
501
Calculate the greatest common divisor of 844 and 56759.
211
Calculate the highest common factor of 1320 and 2868.
12
Calculate the highest common factor of 132 and 34628.
44
Calculate the highest common divisor of 4338 and 684.
18
What is the highest common divisor of 2385 and 2655?
45
What is the greatest common divisor of 1180 and 2720?
20
What is the greatest common divisor of 3 and 1427379?
3
What is the greatest common factor of 642704 and 96?
16
Calculate the greatest common factor of 73725 and 100.
25
What is the greatest common divisor of 310759 and 109?
109
Calculate the greatest common divisor of 16896 and 43824.
528
What is the highest common factor of 300 and 335900?
100
What is the greatest common factor of 6768 and 160?
16
What is the highest common factor of 1148 and 581175?
287
Calculate the highest common divisor of 594 and 8294.
22
Calculate the greatest common factor of 7035 and 402000.
1005
What is the greatest common factor of 29748 and 1675?
67
What is the highest common factor of 12 and 3137124?
12
What is the greatest common factor of 214277 and 1127?
49
What is the greatest common factor of 479687 and 39?
13
Calculate the greatest common factor of 36801 and 564.
141
What is the greatest common divisor of 1250 and 3978250?
250
Calculate the greatest common factor of 786 and 66.
6
Calculate the highest common divisor of 2364 and 444.
12
What is the greatest common divisor of 280 and 3257380?
140
What is the greatest common divisor of 400 and 59975?
25
Calculate the greatest common factor of 10010 and 210.
70
Calculate the greatest common factor of 142880 and 20.
20
Calculate the greatest common divisor of 40419 and 5489.
499
Calculate the greatest common divisor of 56482 and 1426.
62
What is the highest common factor of 2480 and 43772?
124
Calculate the greatest common divisor of 9176 and 40552.
296
Calculate the greatest common factor of 158 and 82634.
158
Calculate the greatest common divisor of 16695 and 2340.
45
What is the highest common factor of 28750 and 23125?
625
What is the greatest common factor of 222460 and 7840?
980
What is the greatest common factor of 20713 and 44?
11
What is the greatest common divisor of 168203 and 21?
7
What is the highest common factor of 34 and 8007?
17
Calculate the greatest common divisor of 176 and 482988.
44
Calculate the greatest common factor of 8120 and 1682.
58
Calculate the highest common divisor of 435 and 1664165.
145
What is the highest common divisor of 144001 and 572?
143
What is the highest common divisor of 215 and 44161?
43
Calculate the highest common factor of 177628 and 726.
242
What is the highest common divisor of 72083 and 55?
11
What is the highest common factor of 407 and 39257?
37
What is the greatest common divisor of 2148 and 3756?
12
What is the greatest common divisor of 25324 and 1664?
52
What is the greatest common divisor of 5653673 and 17?
17
Calculate the highest common divisor of 620 and 11020.
20
What is the greatest common factor of 63935 and 342?
19
Calculate the highest common factor of 243108 and 81.
27
Calculate the highest common factor of 11006 and 142.
2
What is the greatest common factor of 175692 and 144?
12
What is the greatest common factor of 36841 and 2261?
133
Calculate the highest common divisor of 222 and 1542.
6
Calculate the greatest common factor of 300 and 35115.
15
Calculate the greatest common factor of 934905 and 10.
5
Calculate the greatest common factor of 29420 and 50.
10
What is the highest common factor of 60 and 297276?
12
What is the greatest common factor of 198 and 12496?
22
What is the greatest common divisor of 14 and 606970?
14
What is the highest common divisor of 350 and 28550?
50
Calculate the highest common factor of 103960 and 1610.
230
What is the greatest common factor of 1428 and 2876468?
476
What is the greatest common factor of 277 and 3465547?
277
Calculate the highest common factor of 43628 and 416.
52
What is the greatest common divisor of 28 and 6212822?
14
Calculate the greatest common divisor of 486 and 3042.
18
Calculate the greatest common divisor of 5975 and 19837.
239
What is the greatest common divisor of 7003 and 4042?
47
What is the greatest common factor of 6098631 and 357?
357
What is the highest common factor of 6 and 10242?
6
What is the greatest common divisor of 93094 and 2314?
178
What is the highest common factor of 135212 and 2156?
308
What is the greatest common factor of 512298 and 324?
54
What is the highest common divisor of 26696 and 724?
4
What is the highest common factor of 2912 and 76128?
416
What is the greatest common factor of 759 and 345552?
69
What is the greatest common factor of 37904 and 598?
46
Calculate the highest common factor of 753543 and 5103.
1701
What is the greatest common divisor of 390 and 19734?
78
Calculate the highest common divisor of 650 and 9854.
26
What is the highest common divisor of 2432 and 8816?
304
What is the greatest common factor of 8230 and 20890?
10
What is the highest common divisor of 399 and 368011?
133
Calculate the greatest common divisor of 1615 and 6821.
19
What is the greatest common factor of 92904 and 142296?
1176
Calculate the highest common divisor of 192 and 360024.
24
Calculate the greatest common factor of 231 and 3094.
7
What is the greatest common divisor of 20732 and 657?
73
Calculate the greatest common divisor of 447 and 1232081.
149
Calculate the highest common divisor of 21128890 and 710.
710
Calculate the highest common divisor of 124902 and 514.
514
What is the highest common factor